 234/(-63). Let k(s) = -2*s**2 + 9*s + 1. Let a be k(n). Suppose -3*w + 98 - a = 0. What is the remainder when 119 is divided by w?
26
Suppose -5*r - 80 = -325. Let n(v) = -v**2 - 20*v - 37. Let j be n(-17). Let l(a) = -7*a + 115. Calculate the remainder when r is divided by l(j).
15
Suppose -3*l + 2*q + 433 = 0, 144*q + 163 = l + 148*q. What is the remainder when l is divided by 30?
27
Suppose 13 = -3*l + 79. What is the remainder when -3*(-1 + (-16 - -7)) is divided by l?
8
Suppose 0 = -k + 3*m + 17, -9*k = -5*k - 3*m - 32. Suppose k*a = -j + 234, -3*j + 441 = -j + a. Calculate the remainder when j is divided by 37.
34
Let r(f) = f**3 - 10*f**2 - 11*f + 25. What is the remainder when (290/25)/((-5)/(-25)) is divided by r(11)?
8
Let j(d) = 426*d - 3162. What is the remainder when 1961 is divided by j(8)?
239
Let x = 5039 + -4804. Calculate the remainder when x is divided by 218.
17
Suppose 2*p = -4*f - 14, 5*f - 4*p + 17 + 7 = 0. Calculate the remainder when 97 is divided by (f*(-3)/24)/(1/18).
7
Let w = 16 - 11. Calculate the remainder when 15 - -1*(w - 4)*-2 is divided by 4.
1
Let s(o) = o**2 - 113*o - 2605. Calculate the remainder when 692 is divided by s(133).
32
Let s(u) = u**3 + 16*u**2 - 19*u - 50. Let n be s(-17). Suppose -6*k + 4*k = -124. Calculate the remainder when k is divided by ((-2)/(-4))/(n/(-544)).
11
Suppose 20*k - 18*k - 10 = 0. Suppose -8*r = -k*r + 366. Let m = r - -179. Calculate the remainder when m is divided by 15.
12
Suppose -63 = -2*p + 3*q, 3 = -p - 2*q + 31. What is the remainder when 204 is divided by p?
24
Let p = -4210 - -4230. Calculate the remainder when 427 is divided by p.
7
Let z = 146 + 588. Let a = 832 - z. What is the remainder when 979 is divided by a?
97
Suppose 2*q + 2*q - 60 = 0. Suppose 10*f - 11*f + 3*b - 279 = 0, 5*b = -f - 303. Let p = -155 - f. Calculate the remainder when p is divided by q.
13
Suppose -34*x = -66*x + 36*x - 184. What is the remainder when 1379 is divided by x?
45
Let x be -5*((-12)/20 - -1). Suppose -2*t = -4*r - 76, -2*t + r = 34 - 125. What is the remainder when t is divided by 4*(x - -1) + (-7 - -24)?
9
Let f(b) = -7*b + 323. Suppose -15*l + 443 = 38. Calculate the remainder when f(0) is divided by l.
26
Let w = 27 - 13. Suppose 2616 = 8755*f - 8731*f. Calculate the remainder when f is divided by w.
11
Let m(a) = 34*a + 1732. Suppose 68 = -0*s + 2*s + 5*b, 5*s = -b + 170. Calculate the remainder when m(-42) is divided by s.
32
Let j(x) = 40*x + 68. Let f be j(16). Suppose -21 = -5*m + 19. Suppose m*c = 11*c - f. What is the remainder when c is divided by 34?
32
Suppose 0 = -26*w + 575 + 721 + 186. Calculate the remainder when 161 is divided by w.
47
Suppose 2*v - 54 = -7*v. Let u(p) = -8 + 0*p - 4*p + v*p. What is the remainder when u(12) is divided by 10?
6
Suppose 3*k + 3*s = 324, 2*k - s = -2*s + 211. What is the remainder when 600 is divided by k?
85
Let w = 283 + -275. Suppose 16*b = w*b + 1104. What is the remainder when b is divided by 20?
18
Suppose 0 = -5*b + 2*l - 3*l - 21, 4*b + l + 16 = 0. Let t(k) = 4*k - 13. Calculate the remainder when t(12) is divided by (13 - 1) + (-6 - (-1 + b)).
11
Suppose 6*o - 18*o - 2184 = 0. Let j = -166 - o. Calculate the remainder when 68 is divided by j.
4
Suppose 0 = -4*n + 18 - 30, 2*c - 5471 = n. What is the remainder when c is divided by 152?
150
Let i(g) = -g**3 + 23*g**2 + 72*g + 221. What is the remainder when i(25) is divided by 43?
40
Suppose -4*u + 4*x - 202 = -9*u, 0 = -u + 4*x + 50. Calculate the remainder when (0 - -7)*(-7)/(u/(-360)) is divided by 17.
12
Let v = 36 + -37. Let y(l) = l. Let c(n) = n + 1. Let o(b) = v*c(b) - 4*y(b). Calculate the remainder when 6 is divided by o(-1).
2
Let w = -36 + 23. What is the remainder when 21 is divided by w*15/(-35) + 3/7?
3
Let k be (3 + -4 + 3)/((-4)/(-6)). Suppose 3*y = -2*g + 19, -3*g + 8 = -k*y + 17. Calculate the remainder when 9 is divided by y.
4
Calculate the remainder when 3299 is divided by (84/(-15) - 1*-2)/((-21)/70).
11
Suppose -1 - 3 = 4*s, 2*o - 11 = -5*s. Let l(a) = -7*a - 4. What is the remainder when l(-3) is divided by (-46)/(-12) + o/48?
1
Let a = 423 - 288. Calculate the remainder when a is divided by 63.
9
Let v(r) = 16*r**2 + 50*r - 172. What is the remainder when v(4) is divided by 75?
59
Let p(l) = 74*l + 1764. What is the remainder when 1486 is divided by p(-23)?
60
Let x = 315 - 323. Let f(g) = g**2 + 11*g + 31. What is the remainder when 23 is divided by f(x)?
2
Let m be ((-16)/6)/((-2)/15). Let j = 47 - m. What is the remainder when j is divided by 22 - 6*((-248)/(-16) + -13)?
6
Suppose 0 = p + 2*c - 1320, 2*c + 126 = -2*p + 2766. Suppose -5*l - 6*l = -p. What is the remainder when l is divided by 49?
22
Let b(w) = 12*w**3 - 314*w**2 + 61*w - 56. Calculate the remainder when 530 is divided by b(26).
174
Let f(l) = -l**2 - 4*l - 5. Let j be f(4). Let o = j + 45. Calculate the remainder when 4/(o/99) + (-13)/26 is divided by 10.
9
Let y = 7096 - 6967. Calculate the remainder when y is divided by 41.
6
Let y = 9320 + -9288. What is the remainder when 75 is divided by y?
11
Suppose -214 + 113 = -6*o + 151. Calculate the remainder when 136 is divided by o.
10
Let l be (-1)/3*(1 - 292). Let d(f) = 27*f + 513. Let g be d(-16). Let j = l - g. Calculate the remainder when j is divided by 10.
6
Suppose 0 = -5*o - 15, 2*t + 2*t - 64 = -4*o. Suppose y + v = 58, -47*y - v - 202 = -51*y. Calculate the remainder when y is divided by t.
14
Let s = 8432 - 8423. Calculate the remainder when 1547 is divided by s.
8
Suppose -3 = -2*b + 341. Suppose 165*f - b*f = -1575. What is the remainder when f is divided by 38?
35
Suppose -67285 = -24*k - 40981. What is the remainder when k is divided by 189?
151
Let l(v) = -9*v + 232. What is the remainder when 827 is divided by l(20)?
47
Let c(o) = 26*o - 14. Suppose 5*t + 3 = 13. Calculate the remainder when 151 is divided by c(t).
37
Suppose -206*i + 510 = -203*i. Calculate the remainder when 144 is divided by 3*-1*(i/(-30) - 4).
28
Let t = -12105 + 13801. Calculate the remainder when t is divided by 50.
46
Let j(u) = 6*u - 3. Let f(s) = -5*s + 2. Let y(h) = -2*f(h) - 3*j(h). Let t be y(-9). Suppose 11*b = 4*b + t. Calculate the remainder when 40 is divided by b.
7
Calculate the remainder when 401 is divided by (-28)/(-4) + -3 + -2 - -399.
0
Let j(d) = 8*d**2 - 61*d - 1314. Calculate the remainder when j(-19) is divided by 18.
15
Suppose -2*d + 192 = o + 54, 4 = -2*o. Calculate the remainder when 87 is divided by d.
17
Let n be 132/(-99)*(-3 + 0) + -9. Let w(x) = -25*x - 118. What is the remainder when 19 is divided by w(n)?
5
What is the remainder when 1921 is divided by 1 + 2 + 152 - (2 + 5)?
145
Let q = 39 + -36. Suppose 8 - 5 = -q*s. Calculate the remainder when 14/(-14) - (-153 + s) is divided by 39.
36
Let c = -52 - -55. Suppose 0*s + 2*v = -3*s + 13, 2*v + 17 = c*s. Suppose -s*g = -83 - 17. Calculate the remainder when g is divided by 12.
8
Suppose -8142 = -o + 3*m, -141*o + 142*o - 2*m - 8140 = 0. Calculate the remainder when o is divided by 26.
24
Let b(n) = n**2 - 7*n + 6. Let k be -1 - -2*24/3. Calculate the remainder when k/(-60) + (-93)/(-4) is divided by b(7).
5
Let g(a) = -3*a**2 + 103*a - 108. What is the remainder when g(26) is divided by 8?
6
Suppose -2*u + 4*i + 56 = 0, -12*u + 9*u - 5*i = -29. Calculate the remainder when 411 is divided by u.
15
Let r(t) = 16*t + 538. Calculate the remainder when r(-32) is divided by 7.
5
Let o(l) = 8*l + 1 + 12*l**2 - 8*l - 2*l + 6*l**2. What is the remainder when 118 is divided by o(1)?
16
Suppose 62925 + 171950 - 21921 = 82*j. Calculate the remainder when j is divided by 40.
37
Let p = -1823 - -1879. What is the remainder when 277 is divided by p?
53
Suppose 5*i = 4*g - 103, -g - i + 188 - 160 = 0. What is the remainder when 2077 is divided by g?
25
Let a be 1/(-3) - 2634/(-18). Let d = 186 - a. What is the remainder when 77 is divided by d?
37
Let x(j) = j**2 - 5*j + 6. Let o be x(2). Suppose o = 4*f - 4*k - 360, -5*k = 4*f - 109 - 233. Calculate the remainder when f is divided by 5.
3
Let f(c) = -c**2 + 194*c - 1609. What is the remainder when f(115) is divided by 277?
274
Suppose 45 = 5*i - 2*i. Suppose -20133*y = -20073*y - 71 - 469. Calculate the remainder when